*k - 2*d + 9, -k - d + 2 = 0. List the prime factors of k.
2
Suppose 0 = -2*a - 4 + 8. List the prime factors of a.
2
Suppose 0 = 5*a - 4*g - 24, 3*a - g + 3 - 16 = 0. Suppose 2*j - a = -0*j. What are the prime factors of j?
2
Suppose 4*w = 4*c - 28, 5*w + 22 + 1 = 2*c. List the prime factors of c.
2
Let q = -126 + 218. List the prime factors of q.
2, 23
Let g(j) be the second derivative of j**4/4 + 2*j**3/3 - 3*j**2/2 - 3*j. List the prime factors of g(2).
17
Suppose -4*q = -9*q + 705. What are the prime factors of q?
3, 47
Let c(h) = -9*h + 3. What are the prime factors of c(-2)?
3, 7
Suppose 3 + 5 = 2*j. What are the prime factors of j/6 - (-96)/18?
2, 3
Let n(f) = -f**3 + f**2 + 2*f - 1. Let p be n(2). Let v be -4*(-7)/(-2)*p. List the prime factors of (-7)/v*(-5 + -1).
3
Let f(t) = -t - 3. Let g be f(-10). Let s(y) be the first derivative of -y**3/3 + 4*y**2 - 4*y - 1. What are the prime factors of s(g)?
3
Let w be -2 + (-3)/(9/(-123)). Suppose -4*o = 5*f - 33, 3*f - o = -f + w. Suppose -4*n = -3*u - 34 - 23, -f = -2*n - 5*u. What are the prime factors of n?
2, 3
Let k(w) = -5*w - 15. List the prime factors of k(-6).
3, 5
Let c(m) = -m**3 - 3*m**2 - 2*m - 4. Let g be c(-4). Let q be (42/(-9))/(2/(-6)). Let w = g - q. List the prime factors of w.
2, 3
Let s = -7 + 8. Let l(b) = -b**2 + 6*b + 8. Let r be l(7). List the prime factors of -1*(r + s) + 7.
5
Suppose 4*b = 7*b. Let r = -1 - -5. Suppose r*t = -b*t + 12. List the prime factors of t.
3
Let y = -12 + -4. Let w = -23 + 19. List the prime factors of y/(-6)*(-6)/w.
2
Let r = 19 + -30. Let y = 2 - r. What are the prime factors of y?
13
Let p = -31 + 25. Let y(x) = -8*x. What are the prime factors of y(p)?
2, 3
Let i = -294 - -425. What are the prime factors of i?
131
Let a = 45 - 30. Suppose -5*s = -4*k + 8 + 1, s = 3*k - a. Let z = k + -4. List the prime factors of z.
2
Suppose 215 = 5*p - 65. List the prime factors of p.
2, 7
Let o be (-1)/3 + 13/3. What are the prime factors of (-1)/o + 135/12?
11
Let c = 87 + -31. List the prime factors of c.
2, 7
Let o be (-2 - -2) + 0 + 5. Suppose -3*b - 16 = -o*b. What are the prime factors of b?
2
Let z(x) = -8 + 15*x - 2*x - x**2 - 2. What are the prime factors of z(12)?
2
Suppose -p - 63 = -5*b, -4*b - b + 2*p + 61 = 0. What are the prime factors of b?
13
Let x(c) = -8 + 0*c**3 + 3*c**3 - 4*c - 2*c**3 + 6*c**2. Let z(b) = -b**3 + 5*b**2 - 6*b + 2. Let p be z(4). List the prime factors of x(p).
2
Let w(q) = 2*q**2 - 3*q - 2. Let u be w(3). Suppose 2*n = u*n - 75. List the prime factors of n.
3, 5
Suppose -4*d + 4*w + 152 = -0*d, 5*d - 3*w - 182 = 0. Suppose 4*f - 84 = 3*a, f + 0*f - d = 4*a. What are the prime factors of f?
2, 3
List the prime factors of (-24)/(-7)*(12 + -5).
2, 3
What are the prime factors of 1/((2 - 0/2)/142)?
71
Suppose -18 = -b - 6. List the prime factors of b.
2, 3
Let q = -18 + 26. Let n(m) be the third derivative of m**4/12 - 7*m**3/6 - m**2. What are the prime factors of n(q)?
3
Let c(h) = h**3 + 9*h**2 + 13*h - 2. What are the prime factors of c(-7)?
5
Suppose 5*b - 173 - 11 = -z, 0 = 5*b - z - 176. List the prime factors of b.
2, 3
Let p(g) = g**2 - 1. Let o be p(2). Suppose 0*d - 9 = -o*d. Suppose t + d*c + 2*c = -10, 3*t = -3*c + 18. List the prime factors of t.
2, 5
Suppose 100 + 60 = 4*n - k, -4*k - 120 = -3*n. Suppose x - 3*g - 1 = 1, -4*x + 4*g = -n. What are the prime factors of x?
2, 7
Let b(g) = g**2 - 3*g - 3. Let v be b(4). Let m = v + -3. What are the prime factors of (-1)/m*(-28)/(-2)?
7
List the prime factors of -4 + 1 + (3 - -2).
2
Suppose -535 = -4*t - 131. List the prime factors of t.
101
Let m be 1*(3/3)/(-1). Let d = 30 + m. What are the prime factors of d?
29
Suppose -13*v + 162 = -10*v. List the prime factors of v.
2, 3
Let d(z) = 18*z**2 + 3*z - 1. Let c be d(2). Suppose 0 = 5*y - c - 78. List the prime factors of y.
31
Let q(s) = -s + 1. Let y be q(-4). Suppose 4*k - 72 = -y*h + 2*h, 0 = h + 2*k - 22. List the prime factors of h.
2, 7
Let c(v) be the first derivative of -7*v**2/2 + v - 1. List the prime factors of c(-2).
3, 5
Suppose -48*i + 50*i = 482. List the prime factors of i.
241
Let f(d) = d + 17. Let n be f(0). Suppose 0 = -3*o + 6*o + 15, -3*o - n = -z. List the prime factors of z.
2
List the prime factors of (24/(-14))/(40/(-700)).
2, 3, 5
Suppose -5*l = -5*t + 205, 5*t - 96 = l + 101. What are the prime factors of t?
3, 13
Let j(p) = p**3 - 8*p**2 + 8*p - 5. Let l be j(7). Suppose l*c - 7*c - 30 = 0. Let d = 1 - c. What are the prime factors of d?
7
Let g = 33 - 31. Let z be (-1*1)/((-1)/5). Suppose -z - g = -q. List the prime factors of q.
7
Let u(f) = -f + 9. Let t(w) = -5. Let v(a) = 5*t(a) + 2*u(a). What are the prime factors of v(-8)?
3
Suppose -v + 108 = 5*b, 0*b + 4*v - 14 = -b. What are the prime factors of b?
2, 11
Let h = -1 - -6. Suppose 0 = h*t - 3*t - 62. What are the prime factors of t?
31
Let d be (1 + 0)/(3/15). Suppose d*b - g - 11 = 0, 6 - 28 = -2*b - 4*g. What are the prime factors of b?
3
Let h be (6 - -2)*(-1)/(-2). Suppose -h*t - 3 = -107. What are the prime factors of t?
2, 13
Suppose 3*x + 13 = 2*x. Let a = -8 - x. List the prime factors of a.
5
Let t = 33 + -47. Let q = -10 - t. What are the prime factors of q?
2
Suppose 0 = -3*n - 12 + 18. List the prime factors of n.
2
Suppose -f - 2*f = -9. Suppose 2*m - 25 = -f*m. Suppose -1 = m*u - 66. List the prime factors of u.
13
Suppose 0 = 4*o - 7 - 13. Let r = 0 - -1. Suppose w - o - r = 0. What are the prime factors of w?
2, 3
Suppose 45*o - 51*o = -1518. What are the prime factors of o?
11, 23
Suppose -3*q - 2*b = 36, 0*b - 5*b = -4*q - 71. Let i = q + 31. List the prime factors of i.
17
Suppose -5*n + q = 40, 5*n = -2*q - 20 - 5. Let z = n - -11. Suppose z*o = -0*o + 40. List the prime factors of o.
2, 5
Suppose 2*i - 2 = 18. Let z = i + -7. What are the prime factors of z?
3
What are the prime factors of 3 + -1 + 0 - -71?
73
Let p be -3 + 3 - (0 - 0). What are the prime factors of p - (-24)/3 - -2?
2, 5
Suppose -3*j = -269 + 38. Suppose 3*r - 70 = 2*m, -j = 3*m + 4*r - 6. What are the prime factors of 6/(-27) + m/(-9)?
3
Let i(s) = -s + 1. Let o be i(-4). Suppose -5*d + d + 21 = -o*z, -4*d + 2*z = -30. What are the prime factors of d?
3
Let t(j) = -j**2 - 5*j - 2. Let a be t(-3). Let h = 15 - a. What are the prime factors of h?
11
Let w(i) = -i**2 - 2*i. Let d be w(-1). What are the prime factors of d/(-3) - (-128)/6?
3, 7
Let o = 11 - 13. What are the prime factors of -2 + o + 29 + 1?
2, 13
Let p = -4 + 43. What are the prime factors of p?
3, 13
Suppose 2*l + 3*l = 0. Suppose 0 = 5*h - 2*q - 44, -5*h - 5*q + q + 32 = l. Suppose 25 = h*o - 3*o. What are the prime factors of o?
5
Let r(m) = 9*m**2 - m**2 + 2*m**2 - 2 - m**2 + m. List the prime factors of r(-2).
2
Let v = 826 - 421. What are the prime factors of v?
3, 5
Let u be 1/5 - (-57)/15. Let f(d) = 7*d - 4. Let i be f(u). Suppose -4*x + 0*x + i = 0. List the prime factors of x.
2, 3
Let a(i) = i**3 - i**2 - i + 4. Let f be a(0). List the prime factors of ((-30)/f)/3*-6.
3, 5
Let u(l) = -4*l + 3*l + 4*l. Let g be u(-2). List the prime factors of 2/4 - 15/g.
3
Let f be (17 + 2)/((-2)/(-8)). Let r be f/18 + 2/(-9). Let s = -1 + r. What are the prime factors of s?
3
List the prime factors of -327*-2*2/12.
109
Let u be 492/(-42) - 4/14. Let l = u + 26. What are the prime factors of l?
2, 7
Let u(p) = -3*p - 10. Let j be u(7). List the prime factors of j/(-3) - (-3)/(-9).
2, 5
Let b = -10 + 10. Suppose -28*m + 23*m + 165 = b. What are the prime factors of m?
3, 11
Let d = 98 - 28. What are the prime factors of d?
2, 5, 7
Let j be (0 - 2 - -1) + 6. Suppose a = j*a - 20. Suppose -a*v + 50 = -5*x - 10, 3*v - 28 = -5*x. What are the prime factors of v?
11
Let m be 6/(-15) + 32/5. Let k(u) = u**3 - 5*u**2 + 3*u - 4. Let n be k(m). Suppose -h = -6*h + n. List the prime factors of h.
2, 5
Let w(b) = -b**3 - b + 53. List the prime factors of w(0).
53
Let w(t) be the first derivative of -t**3/3 + 7*t**2/2 + 7*t + 3. List the prime factors of w(6).
13
Let v = 773 - 539. List the prime factors of v.
2, 3, 13
Suppose -2*i + 0 - 2 = 0. What are the prime factors of 9*(4 + 1/i)?
3
List the prime factors of (-6 - -8)/((-1)/(-139)).
2, 139
Suppose 1 = 5*a + 11. Let h be -2 